ulate the greatest common divisor of 929669 and 4563.
169
Calculate the greatest common divisor of 4787137 and 2787.
929
What is the greatest common divisor of 164955 and 29820?
105
Calculate the highest common factor of 29564766 and 1494.
1494
Calculate the greatest common divisor of 16072 and 12078990.
98
What is the greatest common factor of 4098718 and 494?
494
Calculate the greatest common divisor of 3740 and 267418160.
340
Calculate the greatest common divisor of 2360 and 15278345.
295
Calculate the highest common divisor of 25493 and 992849.
689
Calculate the greatest common factor of 8 and 117850048.
8
Calculate the highest common divisor of 589724 and 1307040.
1556
What is the greatest common divisor of 29665095 and 60?
15
What is the greatest common factor of 359362 and 32334934?
7646
Calculate the highest common divisor of 38399081 and 518.
259
Calculate the greatest common factor of 2053746 and 18882.
18
Calculate the greatest common divisor of 1710 and 11182203.
171
What is the greatest common divisor of 27 and 7923561?
3
Calculate the greatest common divisor of 152226 and 149562.
18
Calculate the highest common divisor of 4824 and 2123766.
1206
Calculate the greatest common factor of 4944 and 31588452.
1236
Calculate the highest common factor of 23427 and 41439.
57
What is the greatest common factor of 210 and 14234310?
30
Calculate the greatest common divisor of 92609 and 1661.
11
Calculate the highest common factor of 110 and 147164620.
10
What is the greatest common factor of 1305387 and 99?
9
Calculate the greatest common factor of 3924 and 300198.
6
What is the greatest common divisor of 1394 and 7024043?
17
Calculate the greatest common divisor of 28329 and 332300661.
1491
Calculate the greatest common divisor of 31171074 and 462.
66
What is the greatest common factor of 11473 and 16358859?
1639
Calculate the highest common factor of 474 and 4111002.
474
Calculate the highest common factor of 427492148 and 1952.
244
Calculate the highest common divisor of 1331356 and 32.
4
What is the greatest common factor of 12572763 and 201407?
2759
Calculate the greatest common factor of 508 and 148538184.
508
Calculate the greatest common factor of 2260680 and 376.
8
What is the highest common factor of 1808 and 54554366?
226
Calculate the highest common divisor of 65395 and 162811.
451
Calculate the greatest common factor of 3789027 and 594.
99
Calculate the highest common factor of 32778 and 3181894.
1214
What is the greatest common factor of 680 and 1961120?
680
Calculate the highest common divisor of 12571 and 40261.
13
Calculate the highest common factor of 3275900 and 11475.
425
Calculate the greatest common divisor of 24969073 and 51.
17
Calculate the highest common divisor of 1369 and 906313594.
1369
Calculate the greatest common factor of 99 and 1726857.
99
Calculate the greatest common divisor of 736344183 and 57.
57
What is the highest common divisor of 675860 and 7535980?
940
What is the greatest common divisor of 511443 and 1089?
9
Calculate the highest common factor of 2226 and 3587367063.
1113
Calculate the highest common factor of 78498460 and 185.
185
Calculate the greatest common divisor of 3 and 3896699.
1
Calculate the highest common factor of 177857009 and 374.
187
What is the greatest common divisor of 17425 and 158368855?
3485
What is the greatest common divisor of 2791763 and 4459?
13
What is the highest common divisor of 72528 and 6674?
2
What is the highest common divisor of 267026114 and 2122?
2122
What is the greatest common divisor of 137180 and 4744?
4
Calculate the highest common divisor of 1980265 and 435.
145
What is the highest common divisor of 189 and 1571400621?
189
Calculate the greatest common divisor of 558145 and 980.
35
Calculate the greatest common divisor of 922 and 38782.
2
What is the greatest common factor of 86879 and 6003127?
2119
Calculate the highest common factor of 1442073 and 41775.
1671
Calculate the greatest common factor of 355074 and 49542.
138
Calculate the highest common divisor of 79506139 and 1247.
29
Calculate the highest common divisor of 1146 and 141014154.
1146
What is the greatest common divisor of 5190 and 2533066?
346
What is the highest common divisor of 33991 and 10011244?
1789
Calculate the highest common divisor of 8203 and 529646.
13
What is the greatest common divisor of 155873086 and 667?
29
Calculate the highest common divisor of 80070 and 509622.
942
What is the highest common factor of 33133240 and 84?
28
Calculate the highest common divisor of 36 and 52620318.
18
What is the highest common factor of 346064 and 7568?
688
What is the highest common factor of 1048604 and 142?
2
Calculate the highest common divisor of 8701 and 41471.
113
What is the highest common factor of 493664 and 10064?
16
What is the greatest common factor of 33775344 and 5688?
5688
Calculate the highest common divisor of 3150 and 1604505.
105
What is the highest common divisor of 2093 and 59643493?
91
What is the highest common factor of 14184732 and 204?
204
Calculate the greatest common factor of 32495941 and 529.
529
What is the highest common factor of 170 and 1601609610?
170
Calculate the greatest common factor of 2835217 and 110.
11
What is the highest common divisor of 9401913 and 1187541?
6561
What is the greatest common divisor of 4998 and 294624603?
2499
Calculate the greatest common divisor of 200 and 18225640.
40
Calculate the highest common factor of 9771159 and 25392.
1587
Calculate the greatest common divisor of 8239 and 82047493.
1177
Calculate the highest common divisor of 2388 and 535908.
12
What is the highest common factor of 142 and 334238?
2
Calculate the greatest common divisor of 864197 and 243.
1
What is the greatest common divisor of 23130 and 897810?
30
What is the highest common factor of 379125 and 261875?
125
Calculate the greatest common divisor of 77889 and 52656673.
3709
What is the greatest common divisor of 20132544 and 291?
291
What is the highest common factor of 5488 and 69520?
16
What is the highest common divisor of 3454 and 45782?
22
What is the highest common divisor of 28456113 and 428281?
7021
What is the greatest common divisor of 1160 and 184120?
40
Calculate the highest common factor of 22865 and 722755.
85
Calculate the greatest common factor of 5841 and 34089.
33
Calculate the highest common divisor of 92 and 4342607.
23
Calculate the highest common divisor of 148 and 22842394.
74
What is the greatest common factor of 23737448 and 6?
2
What is the greatest common divisor of 9518742 and 8?
2
What is the highest common factor of 163968 and 24819802?
854
Calculate the greatest common divisor of 357243 and 2479857.
579
Calculate the highest common factor of 5358 and 20508638.
1786
Calculate the greatest common factor of 9023139 and 19530.
279
What is the greatest common factor of 384 and 5598384?
48
What is the highest common factor of 10458740 and 56525?
1615
Calculate the highest common factor of 9725 and 115519385.
1945
Calculate the greatest common factor of 388863090 and 9240.
2310
Calculate the greatest common divisor of 1025063 and 1707532.
2719
What is the highest common factor of 1175 and 11795825?
1175
Calculate the highest common factor of 198 and 11786058.
18
Calculate the greatest common divisor of 241568592 and 3624.
3624
What is the highest common factor of 27780630 and 2642?
2642
What is the greatest common divisor of 24061449 and 36937?
859
What is the greatest common divisor of 1205462 and 11397?
131
What is the highest common divisor of 18408 and 1506152?
472
Calculate the highest common factor of 134 and 6935030.
2
What is the greatest common factor of 14010 and 565102690?
4670
What is the highest common divisor of 14879981 and 4658?
2329
What is the greatest common factor of 2765900 and 51?
17
What is the highest common factor of 4608 and 8080896?
1536
Calculate the highest common divisor of 353258180 and 220.
220
Calculate the highest common factor of 165679568 and 304.
16
What is the greatest common factor of 22947578 and 236?
118
Calculate the greatest common factor of 13579 and 125881.
367
What is the highest common factor of 15 and 3477935?
5
What is the highest common factor of 20671 and 2209?
1
Calculate the hi